{"id":401,"date":"2023-12-12T06:14:42","date_gmt":"2023-12-12T06:14:42","guid":{"rendered":"https:\/\/cursos-sunesis.org\/?page_id=401"},"modified":"2024-11-30T17:46:49","modified_gmt":"2024-11-30T17:46:49","slug":"401-2","status":"publish","type":"page","link":"https:\/\/cursos-sunesis.org\/","title":{"rendered":"Anuncios"},"content":{"rendered":"\n<script type=\"text\/javascript\">\r\ndocument.addEventListener(\"DOMContentLoaded\", function(event) { \r\n\tjQuery( '#slider-pro-3-670' ).sliderPro({\r\n\t\t\/\/width\r\n\t\t\t\twidth: 1000,\r\n\t\t\t\t\r\n\t\t\/\/height\r\n\t\t\t\theight: 500,\r\n\t\t\t\t\r\n\t\t\/\/auto play\r\n\t\t\t\tautoplay:  true,\r\n\t\tautoplayOnHover: 'none',\r\n\t\t\t\t\t\t\t\tautoplayDelay: 5000,\r\n\t\t\r\n\t\t\r\n\t\tarrows: true,\r\n\t\tbuttons: true,\r\n\t\tsmallSize: 500,\r\n\t\tmediumSize: 1000,\r\n\t\tlargeSize: 3000,\r\n\t\tfade: false,\r\n\t\t\r\n\t\t\/\/thumbnail\r\n\t\tthumbnailArrows: true,\r\n\t\tthumbnailWidth: 120,\r\n\t\tthumbnailHeight: 120,\r\n\t\t\t\t\t\tthumbnailsPosition: 'bottom',\r\n\t\t\t\t\t\tcenterImage: true,\r\n\t\timageScaleMode: 'cover',\r\n\t\tallowScaleUp: true,\r\n\t\t\t\tstartSlide: 0,\r\n\t\tloop: true,\r\n\t\tslideDistance: 5,\r\n\t\tautoplayDirection: 'normal',\r\n\t\ttouchSwipe: true,\r\n\t\tfullScreen: true,\r\n\t});\r\n});\r\n<\/script>\r\n<style>\r\n\/* Layout 3 *\/\r\n\/* border *\/\r\n#slider-pro-3-670 .sp-selected-thumbnail {\r\n\tborder: 4px solid #000000;\r\n}\r\n\r\n\/* font + color *\/\r\n.title-in  {\r\n\tfont-family: Arial !important;\r\n\tcolor: #FFFFFF !important;\r\n\tbackground-color: #000000 !important;\r\n\topacity: 0.7 !important;\r\n}\r\n.desc-in  {\r\n\tfont-family: Arial !important;\r\n\tcolor: #FFFFFF !important;\r\n\tbackground-color: #00000 !important;\r\n\topacity: 0.7 !important;\r\n}\r\n\r\n\/* bullets color *\/\r\n.sp-button  {\r\n\tborder: 2px solid #000000 !important;\r\n}\r\n.sp-selected-button  {\r\n\tbackground-color: #000000 !important;\r\n}\r\n\r\n\/* pointer color - bottom *\/\r\n.sp-selected-thumbnail::before {\r\n\tborder-bottom: 5px solid #000000 !important;\r\n}\r\n.sp-selected-thumbnail::after {\r\n\tborder-bottom: 13px solid #000000 !important;\r\n}\r\n\r\n\/* pointer color - top *\/\r\n\r\n\/* full screen icon *\/\r\n.sp-full-screen-button::before {\r\n    color: #FFFFFF !important;\r\n}\r\n\r\n\/* hover navigation icon color *\/\r\n.sp-next-arrow::after, .sp-next-arrow::before {\r\n\tbackground-color: #FFFFFF !important;\r\n}\r\n.sp-previous-arrow::after, .sp-previous-arrow::before {\r\n\tbackground-color: #FFFFFF !important;\r\n}\r\n\r\n#slider-pro-3-670 .title-in {\r\n\tcolor: #FFFFFF !important;\r\n\tfont-weight: bolder;\r\n\ttext-align: center;\r\n}\r\n\r\n#slider-pro-3-670 .title-in-bg {\r\n\tbackground: rgba(255, 255, 255, 0.7); !important;\r\n\twhite-space: unset !important;\r\n\tmax-width: 90%;\r\n\tmin-width: 40%;\r\n\ttransform: initial !important;\r\n\t-webkit-transform: initial !important;\r\n\tfont-size: 14px !important;\r\n}\r\n\r\n#slider-pro-3-670 .desc-in {\r\n\tcolor: #FFFFFF !important;\r\n\ttext-align: center;\r\n}\r\n#slider-pro-3-670 .desc-in-bg {\r\n\tbackground: rgba(#00000, 0.7) !important;\r\n\twhite-space: unset !important;\r\n\twidth: 80% !important;\r\n\tmin-width: 30%;\r\n\ttransform: initial !important;\r\n\t-webkit-transform: initial !important;\r\n\tfont-size: 13px !important;\r\n}\r\n\r\n@media (max-width: 640px) {\r\n\t#slider-pro-3-670 .hide-small-screen {\r\n\t\tdisplay: none;\r\n\t}\r\n}\r\n\r\n@media (max-width: 860px) {\r\n\t#slider-pro-3-670 .sp-layer {\r\n\t\tfont-size: 18px;\r\n\t}\r\n\t\r\n\t#slider-pro-3-670 .hide-medium-screen {\r\n\t\tdisplay: none;\r\n\t}\r\n}\r\n.slides-not-found {\r\n\tbackground-color: #a92929;\r\n\tborder-radius: 5px;\r\n\tcolor: #fff;\r\n\tfont-family: initial;\r\n\ttext-align: center;\r\n\tpadding:12px;\r\n}\r\n\/* Custom CSS *\/\r\n<\/style>\r\n<h3 class=\"uris-slider-post-title\">NOVEDADES<\/h3>\r\n\t\t<div id=\"slider-pro-3-670\" class=\"slider-pro\">\r\n\t\t\t<!---- slides div start ---->\r\n\t\t\t<div class=\"sp-slides\">\r\n\t\t\t\t\t\t\t\t\t\t<div class=\"sp-slide\">\r\n\t\t\t\t\t\t\t<img decoding=\"async\" class=\"sp-image\" loading=\"lazy\" alt=\"Daughters of the King - Hijas del Rey\" src=\"https:\/\/cursos-sunesis.org\/wp-content\/plugins\/ultimate-responsive-image-slider\/assets\/css\/images\/blank.gif\" data-src=\"https:\/\/cursos-sunesis.org\/wp-content\/uploads\/2024\/06\/WhatsApp-Image-2024-06-28-at-10.14.32.jpeg\" \/>\r\n\r\n\t\t\t\t\t\t\t\r\n\t\t\t\t\t\t\t\t\t\t\t\t\t<\/div>\r\n\t\t\t\t\t\t\t\t\t\t\t\t<div class=\"sp-slide\">\r\n\t\t\t\t\t\t\t<img decoding=\"async\" class=\"sp-image\" loading=\"lazy\" alt=\"JOB - Un mensaje para los hijos del polvo\" src=\"https:\/\/cursos-sunesis.org\/wp-content\/plugins\/ultimate-responsive-image-slider\/assets\/css\/images\/blank.gif\" data-src=\"https:\/\/cursos-sunesis.org\/wp-content\/uploads\/2023\/12\/image.png\" \/>\r\n\r\n\t\t\t\t\t\t\t\r\n\t\t\t\t\t\t\t\t\t\t\t\t\t<\/div>\r\n\t\t\t\t\t\t\t\t\t<\/div>\r\n\t\t\t\r\n\t\t\t<!---- slides div end ---->\r\n\t\t\t\t\t\t<!-- slides thumbnails div end -->\r\n\t\t<\/div>\r\n\n\n\n\n<hr class=\"wp-block-separator has-alpha-channel-opacity\"\/>\n\n\n\n<div class=\"wp-block-group has-global-padding is-layout-constrained wp-block-group-is-layout-constrained\">\n<div class=\"wp-block-group is-vertical is-layout-flex wp-container-core-group-is-layout-fe9cc265 wp-block-group-is-layout-flex\"><p class=\"wp-block-tag-cloud\"><a href=\"https:\/\/cursos-sunesis.org\/index.php\/tag\/abraham\/\" class=\"tag-cloud-link tag-link-95 tag-link-position-1\" style=\"font-size: 12.628099173554pt;\" aria-label=\"Abraham (4 elementos)\">Abraham<\/a>\n<a href=\"https:\/\/cursos-sunesis.org\/index.php\/tag\/agua\/\" class=\"tag-cloud-link tag-link-34 tag-link-position-2\" style=\"font-size: 17.02479338843pt;\" aria-label=\"Agua (11 elementos)\">Agua<\/a>\n<a href=\"https:\/\/cursos-sunesis.org\/index.php\/tag\/antiguo-testamento\/\" class=\"tag-cloud-link tag-link-57 tag-link-position-3\" style=\"font-size: 11.471074380165pt;\" aria-label=\"Antiguo Testamento (3 elementos)\">Antiguo Testamento<\/a>\n<a href=\"https:\/\/cursos-sunesis.org\/index.php\/tag\/banquete\/\" class=\"tag-cloud-link tag-link-49 tag-link-position-4\" style=\"font-size: 16.561983471074pt;\" aria-label=\"banquete (10 elementos)\">banquete<\/a>\n<a href=\"https:\/\/cursos-sunesis.org\/index.php\/tag\/betania\/\" class=\"tag-cloud-link tag-link-33 tag-link-position-5\" style=\"font-size: 11.471074380165pt;\" aria-label=\"Betania (3 elementos)\">Betania<\/a>\n<a href=\"https:\/\/cursos-sunesis.org\/index.php\/tag\/cruz\/\" class=\"tag-cloud-link tag-link-145 tag-link-position-6\" style=\"font-size: 10.082644628099pt;\" aria-label=\"cruz (2 elementos)\">cruz<\/a>\n<a href=\"https:\/\/cursos-sunesis.org\/index.php\/tag\/david\/\" class=\"tag-cloud-link tag-link-96 tag-link-position-7\" style=\"font-size: 10.082644628099pt;\" aria-label=\"David (2 elementos)\">David<\/a>\n<a href=\"https:\/\/cursos-sunesis.org\/index.php\/tag\/dios\/\" class=\"tag-cloud-link tag-link-20 tag-link-position-8\" style=\"font-size: 22pt;\" aria-label=\"Dios (31 elementos)\">Dios<\/a>\n<a href=\"https:\/\/cursos-sunesis.org\/index.php\/tag\/discipulos\/\" class=\"tag-cloud-link tag-link-14 tag-link-position-9\" style=\"font-size: 10.082644628099pt;\" aria-label=\"disc\u00edpulos (2 elementos)\">disc\u00edpulos<\/a>\n<a href=\"https:\/\/cursos-sunesis.org\/index.php\/tag\/egipto\/\" class=\"tag-cloud-link tag-link-23 tag-link-position-10\" style=\"font-size: 10.082644628099pt;\" aria-label=\"Egipto (2 elementos)\">Egipto<\/a>\n<a href=\"https:\/\/cursos-sunesis.org\/index.php\/tag\/espiritu-santo\/\" class=\"tag-cloud-link tag-link-44 tag-link-position-11\" style=\"font-size: 10.082644628099pt;\" aria-label=\"Espiritu Santo (2 elementos)\">Espiritu Santo<\/a>\n<a href=\"https:\/\/cursos-sunesis.org\/index.php\/tag\/espiritu\/\" class=\"tag-cloud-link tag-link-53 tag-link-position-12\" style=\"font-size: 11.471074380165pt;\" aria-label=\"Esp\u00edritu (3 elementos)\">Esp\u00edritu<\/a>\n<a href=\"https:\/\/cursos-sunesis.org\/index.php\/tag\/faraon\/\" class=\"tag-cloud-link tag-link-60 tag-link-position-13\" style=\"font-size: 11.471074380165pt;\" aria-label=\"Faraon (3 elementos)\">Faraon<\/a>\n<a href=\"https:\/\/cursos-sunesis.org\/index.php\/tag\/hechos\/\" class=\"tag-cloud-link tag-link-114 tag-link-position-14\" style=\"font-size: 12.628099173554pt;\" aria-label=\"Hechos (4 elementos)\">Hechos<\/a>\n<a href=\"https:\/\/cursos-sunesis.org\/index.php\/tag\/herodes\/\" class=\"tag-cloud-link tag-link-98 tag-link-position-15\" style=\"font-size: 10.082644628099pt;\" aria-label=\"Herodes (2 elementos)\">Herodes<\/a>\n<a href=\"https:\/\/cursos-sunesis.org\/index.php\/tag\/israel\/\" class=\"tag-cloud-link tag-link-136 tag-link-position-16\" style=\"font-size: 10.082644628099pt;\" aria-label=\"Israel (2 elementos)\">Israel<\/a>\n<a href=\"https:\/\/cursos-sunesis.org\/index.php\/tag\/jerusalen\/\" class=\"tag-cloud-link tag-link-8 tag-link-position-17\" style=\"font-size: 10.082644628099pt;\" aria-label=\"Jerusal\u00e9n (2 elementos)\">Jerusal\u00e9n<\/a>\n<a href=\"https:\/\/cursos-sunesis.org\/index.php\/tag\/jesus\/\" class=\"tag-cloud-link tag-link-7 tag-link-position-18\" style=\"font-size: 21.768595041322pt;\" aria-label=\"Jes\u00fas (30 elementos)\">Jes\u00fas<\/a>\n<a href=\"https:\/\/cursos-sunesis.org\/index.php\/tag\/juan\/\" class=\"tag-cloud-link tag-link-39 tag-link-position-19\" style=\"font-size: 12.628099173554pt;\" aria-label=\"Juan (4 elementos)\">Juan<\/a>\n<a href=\"https:\/\/cursos-sunesis.org\/index.php\/tag\/lucas\/\" class=\"tag-cloud-link tag-link-27 tag-link-position-20\" style=\"font-size: 17.02479338843pt;\" aria-label=\"Lucas (11 elementos)\">Lucas<\/a>\n<a href=\"https:\/\/cursos-sunesis.org\/index.php\/tag\/luz\/\" class=\"tag-cloud-link tag-link-54 tag-link-position-21\" style=\"font-size: 11.471074380165pt;\" aria-label=\"luz (3 elementos)\">luz<\/a>\n<a href=\"https:\/\/cursos-sunesis.org\/index.php\/tag\/maria-2\/\" class=\"tag-cloud-link tag-link-46 tag-link-position-22\" style=\"font-size: 11.471074380165pt;\" aria-label=\"Maria (3 elementos)\">Maria<\/a>\n<a href=\"https:\/\/cursos-sunesis.org\/index.php\/tag\/maria\/\" class=\"tag-cloud-link tag-link-11 tag-link-position-23\" style=\"font-size: 10.082644628099pt;\" aria-label=\"Mar\u00eda (2 elementos)\">Mar\u00eda<\/a>\n<a href=\"https:\/\/cursos-sunesis.org\/index.php\/tag\/mateo\/\" class=\"tag-cloud-link tag-link-74 tag-link-position-24\" style=\"font-size: 10.082644628099pt;\" aria-label=\"Mateo (2 elementos)\">Mateo<\/a>\n<a href=\"https:\/\/cursos-sunesis.org\/index.php\/tag\/mesias\/\" class=\"tag-cloud-link tag-link-24 tag-link-position-25\" style=\"font-size: 10.082644628099pt;\" aria-label=\"Mes\u00edas (2 elementos)\">Mes\u00edas<\/a>\n<a href=\"https:\/\/cursos-sunesis.org\/index.php\/tag\/moises-2\/\" class=\"tag-cloud-link tag-link-63 tag-link-position-26\" style=\"font-size: 10.082644628099pt;\" aria-label=\"Moises (2 elementos)\">Moises<\/a>\n<a href=\"https:\/\/cursos-sunesis.org\/index.php\/tag\/moises\/\" class=\"tag-cloud-link tag-link-16 tag-link-position-27\" style=\"font-size: 10.082644628099pt;\" aria-label=\"Mois\u00e9s (2 elementos)\">Mois\u00e9s<\/a>\n<a href=\"https:\/\/cursos-sunesis.org\/index.php\/tag\/mujer\/\" class=\"tag-cloud-link tag-link-51 tag-link-position-28\" style=\"font-size: 10.082644628099pt;\" aria-label=\"mujer (2 elementos)\">mujer<\/a>\n<a href=\"https:\/\/cursos-sunesis.org\/index.php\/tag\/mujer-piadosa\/\" class=\"tag-cloud-link tag-link-140 tag-link-position-29\" style=\"font-size: 8pt;\" aria-label=\"Mujer piadosa (1 elemento)\">Mujer piadosa<\/a>\n<a href=\"https:\/\/cursos-sunesis.org\/index.php\/tag\/nacimiento\/\" class=\"tag-cloud-link tag-link-87 tag-link-position-30\" style=\"font-size: 10.082644628099pt;\" aria-label=\"nacimiento (2 elementos)\">nacimiento<\/a>\n<a href=\"https:\/\/cursos-sunesis.org\/index.php\/tag\/navidad\/\" class=\"tag-cloud-link tag-link-138 tag-link-position-31\" style=\"font-size: 10.082644628099pt;\" aria-label=\"Navidad (2 elementos)\">Navidad<\/a>\n<a href=\"https:\/\/cursos-sunesis.org\/index.php\/tag\/oscuridad\/\" class=\"tag-cloud-link tag-link-123 tag-link-position-32\" style=\"font-size: 10.082644628099pt;\" aria-label=\"oscuridad (2 elementos)\">oscuridad<\/a>\n<a href=\"https:\/\/cursos-sunesis.org\/index.php\/tag\/pablo\/\" class=\"tag-cloud-link tag-link-118 tag-link-position-33\" style=\"font-size: 10.082644628099pt;\" aria-label=\"Pablo (2 elementos)\">Pablo<\/a>\n<a href=\"https:\/\/cursos-sunesis.org\/index.php\/tag\/pacto\/\" class=\"tag-cloud-link tag-link-97 tag-link-position-34\" style=\"font-size: 11.471074380165pt;\" aria-label=\"pacto (3 elementos)\">pacto<\/a>\n<a href=\"https:\/\/cursos-sunesis.org\/index.php\/tag\/padre\/\" class=\"tag-cloud-link tag-link-162 tag-link-position-35\" style=\"font-size: 10.082644628099pt;\" aria-label=\"Padre (2 elementos)\">Padre<\/a>\n<a href=\"https:\/\/cursos-sunesis.org\/index.php\/tag\/pedro\/\" class=\"tag-cloud-link tag-link-15 tag-link-position-36\" style=\"font-size: 16.099173553719pt;\" aria-label=\"Pedro (9 elementos)\">Pedro<\/a>\n<a href=\"https:\/\/cursos-sunesis.org\/index.php\/tag\/poder\/\" class=\"tag-cloud-link tag-link-26 tag-link-position-37\" style=\"font-size: 18.413223140496pt;\" aria-label=\"poder (15 elementos)\">poder<\/a>\n<a href=\"https:\/\/cursos-sunesis.org\/index.php\/tag\/resurreccion\/\" class=\"tag-cloud-link tag-link-133 tag-link-position-38\" style=\"font-size: 10.082644628099pt;\" aria-label=\"resurrecci\u00f3n (2 elementos)\">resurrecci\u00f3n<\/a>\n<a href=\"https:\/\/cursos-sunesis.org\/index.php\/tag\/roma\/\" class=\"tag-cloud-link tag-link-122 tag-link-position-39\" style=\"font-size: 10.082644628099pt;\" aria-label=\"Roma (2 elementos)\">Roma<\/a>\n<a href=\"https:\/\/cursos-sunesis.org\/index.php\/tag\/sermon-del-monte\/\" class=\"tag-cloud-link tag-link-73 tag-link-position-40\" style=\"font-size: 10.082644628099pt;\" aria-label=\"Sermon del Monte (2 elementos)\">Sermon del Monte<\/a>\n<a href=\"https:\/\/cursos-sunesis.org\/index.php\/tag\/templo\/\" class=\"tag-cloud-link tag-link-28 tag-link-position-41\" style=\"font-size: 20.495867768595pt;\" aria-label=\"Templo (23 elementos)\">Templo<\/a>\n<a href=\"https:\/\/cursos-sunesis.org\/index.php\/tag\/tercer-dia-resucitara\/\" class=\"tag-cloud-link tag-link-31 tag-link-position-42\" style=\"font-size: 14.363636363636pt;\" aria-label=\"tercer d\u00eda resucitar\u00e1 (6 elementos)\">tercer d\u00eda resucitar\u00e1<\/a>\n<a href=\"https:\/\/cursos-sunesis.org\/index.php\/tag\/vida\/\" class=\"tag-cloud-link tag-link-70 tag-link-position-43\" style=\"font-size: 11.471074380165pt;\" aria-label=\"Vida (3 elementos)\">Vida<\/a>\n<a href=\"https:\/\/cursos-sunesis.org\/index.php\/tag\/yhwh\/\" class=\"tag-cloud-link tag-link-19 tag-link-position-44\" style=\"font-size: 10.082644628099pt;\" aria-label=\"YHWH (2 elementos)\">YHWH<\/a>\n<a href=\"https:\/\/cursos-sunesis.org\/index.php\/tag\/zaqueo\/\" class=\"tag-cloud-link tag-link-32 tag-link-position-45\" style=\"font-size: 11.471074380165pt;\" aria-label=\"Zaqueo (3 elementos)\">Zaqueo<\/a><\/p><\/div>\n<\/div>\n\n\n\n<div class=\"wp-block-query is-layout-flow wp-block-query-is-layout-flow\"><ul class=\"wp-block-post-template is-layout-flow wp-block-post-template-is-layout-flow\"><li class=\"wp-block-post post-1124 post type-post status-publish format-standard has-post-thumbnail hentry category-blog tag-antagonistas tag-discipulos-2 tag-jesus tag-multitud tag-parabola tag-sembrador tag-terreno\">\n\n<hr class=\"wp-block-separator has-alpha-channel-opacity\"\/>\n\n\n<h2 class=\"wp-block-post-title\">La par\u00e1bola del sembrador, 4 tipos de terreno.<\/h2>\n\n<div class=\"wp-block-post-excerpt\"><p class=\"wp-block-post-excerpt__excerpt\">Escrito por un invitado de Noel Armando Bienes Pedraza Esta par\u00e1bola no solo describe una escena cotidiana, sino que revela realidades espirituales que exponen el estado del coraz\u00f3n humano. Las par\u00e1bolas comienzan como un cuadro que observamos; al mirarlo con m\u00e1s atenci\u00f3n se convierte en un espejo que nos confronta, y cuando lo contemplamos a\u00fan<\/p><p class=\"wp-block-post-excerpt__more-text\"><a class=\"wp-block-post-excerpt__more-link\" href=\"https:\/\/cursos-sunesis.org\/index.php\/2026\/01\/29\/4-tipos-de-terrenos-una-reflexion-sobre-la-parabola-del-sembrador-mateo-131-23\/\">&lt;Leer mas&gt;<\/a><\/p><\/div>\n<\/li><li class=\"wp-block-post post-1116 post type-post status-publish format-standard has-post-thumbnail hentry category-blog tag-abraham tag-amy-peeler tag-dios tag-hebreo tag-hebreos tag-jesus tag-josue\">\n\n<hr class=\"wp-block-separator has-alpha-channel-opacity\"\/>\n\n\n<h2 class=\"wp-block-post-title\">\u00bfQu\u00e9 pasa cuando tu conf\u00edas en la fidelidad de Dios?<\/h2>\n\n<div class=\"wp-block-post-excerpt\"><p class=\"wp-block-post-excerpt__excerpt\">As\u00ed que, amados hermanos, podemos entrar con valent\u00eda en el Lugar Sant\u00edsimo del cielo por causa de la sangre de Jes\u00fas. Por su muerte, Jes\u00fas abri\u00f3 un nuevo camino\u2014un camino que da vida\u2014a trav\u00e9s de la cortina al Lugar Sant\u00edsimo. Ya que tenemos un gran Sumo Sacerdote que gobierna la casa de Dios, entremos directamente<\/p><p class=\"wp-block-post-excerpt__more-text\"><a class=\"wp-block-post-excerpt__more-link\" href=\"https:\/\/cursos-sunesis.org\/index.php\/2026\/01\/07\/que-pasa-cuando-tu-confias-en-la-fidelidad-de-dios\/\">&lt;Leer mas&gt;<\/a><\/p><\/div>\n<\/li><li class=\"wp-block-post post-1108 post type-post status-publish format-standard has-post-thumbnail hentry category-blog tag-cristo tag-cruz tag-hijo-de-dios tag-jesus tag-juan tag-lukas tag-nacimiento tag-navidad tag-padre tag-todopoderoso\">\n\n<hr class=\"wp-block-separator has-alpha-channel-opacity\"\/>\n\n\n<h2 class=\"wp-block-post-title\">Como vio el Cielo la Navidad<\/h2>\n\n<div class=\"wp-block-post-excerpt\"><p class=\"wp-block-post-excerpt__excerpt\">Esta vez tenemos un invitado que escribe esta publicaci\u00f3n de blog. Muchas gracias a Rogelio Daniel Rivera. Como cristianos, hemos escuchado la historia de la Navidad una y otra vez. Hemos visto pel\u00edculas, dramatizaciones; incluso, es parte de la cultura popular la imagen de un peque\u00f1o ni\u00f1o recostado en un lugar humilde. Algunos discuten si<\/p><p class=\"wp-block-post-excerpt__more-text\"><a class=\"wp-block-post-excerpt__more-link\" href=\"https:\/\/cursos-sunesis.org\/index.php\/2025\/12\/17\/como-vio-el-cielo-la-navidad\/\">&lt;Leer mas&gt;<\/a><\/p><\/div>\n<\/li><\/ul>\n\n<nav class=\"wp-block-query-pagination is-layout-flex wp-block-query-pagination-is-layout-flex\" aria-label=\"Paginaci\u00f3n\">\n\n\n<div class=\"wp-block-query-pagination-numbers\"><span aria-current=\"page\" class=\"page-numbers current\">1<\/span>\n<a class=\"page-numbers\" href=\"?query-1-page=2\">2<\/a>\n<a class=\"page-numbers\" href=\"?query-1-page=3\">3<\/a>\n<span class=\"page-numbers dots\">&hellip;<\/span>\n<a class=\"page-numbers\" href=\"?query-1-page=15\">15<\/a><\/div>\n\n<a href=\"\/index.php\/wp-json\/wp\/v2\/pages\/401?query-1-page=2\" class=\"wp-block-query-pagination-next\">P\u00e1gina siguiente<\/a>\n<\/nav>\n\n<\/div>\n\n\n\n<!-- Contenedor del chatbot -->\n<div id=\"chatbot-container\" style=\"display: none; position: fixed; bottom: 20px; right: 20px; width: 400px; height: 500px; z-index: 9999; box-shadow: 0px 4px 6px rgba(0, 0, 0, 0.1); background: white; border-radius: 10px; overflow: hidden;\">\n  <iframe\n    src=\"https:\/\/ubibot.ubicuo.mx\/inscripcion-sunesis-hu4f7ym\"\n    style=\"border: none; width: 100%; height: 100%;\"\n  ><\/iframe>\n  <!-- Bot\u00f3n para cerrar el chatbot -->\n  <div id=\"close-chatbot\" style=\"position: absolute; top: 10px; right: 10px; cursor: pointer; font-size: 18px; color: #333;\">\n    \u2716\n  <\/div>\n<\/div>\n\n<!-- Bot\u00f3n flotante para abrir el chatbot -->\n<div id=\"chatbot-button\" style=\"position: fixed; bottom: 20px; right: 20px; background-color: #007bff; color: white; border-radius: 50%; width: 60px; height: 60px; display: flex; justify-content: center; align-items: center; cursor: pointer; z-index: 10000; box-shadow: 0px 4px 6px rgba(0, 0, 0, 0.2);\">\n  \ud83d\udcac\n<\/div>\n\n<script>\n  \/\/ Elementos\n  const chatbotButton = document.getElementById('chatbot-button');\n  const chatbotContainer = document.getElementById('chatbot-container');\n  const closeChatbot = document.getElementById('close-chatbot');\n\n  \/\/ Mostrar el chatbot\n  chatbotButton.addEventListener('click', () => {\n    chatbotContainer.style.display = 'block';\n    chatbotButton.style.display = 'none';\n  });\n\n  \/\/ Cerrar el chatbot\n  closeChatbot.addEventListener('click', () => {\n    chatbotContainer.style.display = 'none';\n    chatbotButton.style.display = 'flex';\n  });\n<\/script>\n\n","protected":false},"excerpt":{"rendered":"<p>\u2716 \ud83d\udcac<\/p>\n","protected":false},"author":1,"featured_media":0,"parent":0,"menu_order":0,"comment_status":"closed","ping_status":"closed","template":"","meta":{"_monsterinsights_skip_tracking":false,"_monsterinsights_sitenote_active":false,"_monsterinsights_sitenote_note":"","_monsterinsights_sitenote_category":0,"footnotes":""},"class_list":["post-401","page","type-page","status-publish","hentry"],"_links":{"self":[{"href":"https:\/\/cursos-sunesis.org\/index.php\/wp-json\/wp\/v2\/pages\/401","targetHints":{"allow":["GET"]}}],"collection":[{"href":"https:\/\/cursos-sunesis.org\/index.php\/wp-json\/wp\/v2\/pages"}],"about":[{"href":"https:\/\/cursos-sunesis.org\/index.php\/wp-json\/wp\/v2\/types\/page"}],"author":[{"embeddable":true,"href":"https:\/\/cursos-sunesis.org\/index.php\/wp-json\/wp\/v2\/users\/1"}],"replies":[{"embeddable":true,"href":"https:\/\/cursos-sunesis.org\/index.php\/wp-json\/wp\/v2\/comments?post=401"}],"version-history":[{"count":21,"href":"https:\/\/cursos-sunesis.org\/index.php\/wp-json\/wp\/v2\/pages\/401\/revisions"}],"predecessor-version":[{"id":855,"href":"https:\/\/cursos-sunesis.org\/index.php\/wp-json\/wp\/v2\/pages\/401\/revisions\/855"}],"wp:attachment":[{"href":"https:\/\/cursos-sunesis.org\/index.php\/wp-json\/wp\/v2\/media?parent=401"}],"curies":[{"name":"wp","href":"https:\/\/api.w.org\/{rel}","templated":true}]}}